{"id":13,"date":"2022-03-23T13:21:46","date_gmt":"2022-03-23T13:21:46","guid":{"rendered":"https:\/\/aw-web.com\/meuneriesf\/?page_id=13"},"modified":"2025-03-14T03:13:32","modified_gmt":"2025-03-14T03:13:32","slug":"porcin","status":"publish","type":"page","link":"https:\/\/aw-web.com\/meuneriesf\/produits\/porcin\/","title":{"rendered":"Porcin"},"content":{"rendered":"<div class=\"wpb-content-wrapper\"><p>[vc_row css_animation=\u00a0\u00bb\u00a0\u00bb row_type=\u00a0\u00bbrow\u00a0\u00bb use_row_as_full_screen_section=\u00a0\u00bbno\u00a0\u00bb type=\u00a0\u00bbfull_width\u00a0\u00bb angled_section=\u00a0\u00bbno\u00a0\u00bb text_align=\u00a0\u00bbleft\u00a0\u00bb background_image_as_pattern=\u00a0\u00bbwithout_pattern\u00a0\u00bb z_index=\u00a0\u00bb\u00a0\u00bb][vc_column][vc_column_text css=\u00a0\u00bb.vc_custom_1741921796858{padding-bottom: 40px !important;}\u00a0\u00bb]Le volet porcin \u00e0 la Meunerie de Saint-Fr\u00e9d\u00e9ric est effectu\u00e9 sous la supervision de conseillers exp\u00e9riment\u00e9s, tant au point de vue nutritionnel que dans l\u2019appui de vos m\u00e9thodes de travail. Notre \u00e9quipe a \u00e0 c\u0153ur la profitabilit\u00e9 de votre entreprise. Notre partenariat avec Olier Gris\u00e9 dans le secteur porcin apporte une expertise suppl\u00e9mentaire et un atout non n\u00e9gligeable pour notre client\u00e8le.[\/vc_column_text][vc_row_inner row_type=\u00a0\u00bbrow\u00a0\u00bb type=\u00a0\u00bbgrid\u00a0\u00bb text_align=\u00a0\u00bbleft\u00a0\u00bb css_animation=\u00a0\u00bb\u00a0\u00bb][vc_column_inner width=\u00a0\u00bb1\/2&Prime;][vc_column_text css=\u00a0\u00bb\u00a0\u00bb]<\/p>\n<h2>Moul\u00e9e<\/h2>\n<p>La Meunerie de Saint-Fr\u00e9d\u00e9ric offre diff\u00e9rentes gammes de moul\u00e9es compl\u00e8tes moulues ou cub\u00e9es pour \u00e9levage commercial destin\u00e9es \u00e0 la production porcine du Qu\u00e9bec. Nos aliments sont pr\u00e9par\u00e9s avec soin et ils respectent les standards de qualit\u00e9 et de production auxquels vous vous attendez. Nous pouvons vous offrir du soutien technique selon vos besoins et vos attentes.<\/p>\n<p>Nous sommes en mesure d\u2019alimenter vos cochons de basse-cour ainsi que vos cochons miniatures.<\/p>\n<p>Toutes nos moul\u00e9es sont fabriqu\u00e9es \u00e0 partir de produits v\u00e9g\u00e9taux de premi\u00e8re qualit\u00e9.<\/p>\n<p>&nbsp;<\/p>\n<h2>Suppl\u00e9ments<\/h2>\n<p>Nous disposons de suppl\u00e9ments adapt\u00e9s \u00e0 vos besoins en production porcine.<\/p>\n<p>Ces suppl\u00e9ments sont adapt\u00e9s pour les moulanges \u00e0 la ferme. Ils sont con\u00e7us pour optimiser le rendement de votre \u00e9levage.<\/p>\n<p>&nbsp;<\/p>\n<h2>Min\u00e9raux<\/h2>\n<p>La Meunerie de St-Fr\u00e9d\u00e9ric vous offre le choix parmi un inventaire complet de vitamines\/min\u00e9raux pour la production des aliments \u00e0 la ferme.<\/p>\n<p>Si vous poss\u00e9dez un \u00e9quipement de fabrication \u00e0 la ferme, des produits de base sont \u00e0 votre disposition en sacs ou en vrac.<\/p>\n<p>&nbsp;<\/p>\n<h2>Lait remplacement<\/h2>\n<p>Nous sommes en mesure de fournir du lait de remplacement pour vos porcelets qui est disponible en tout temps.[\/vc_column_text][\/vc_column_inner][vc_column_inner width=\u00a0\u00bb1\/2&Prime;][vc_single_image image=\u00a0\u00bb760&Prime; img_size=\u00a0\u00bbfull\u00a0\u00bb qode_css_animation=\u00a0\u00bb\u00a0\u00bb][\/vc_column_inner][\/vc_row_inner][\/vc_column][\/vc_row][vc_row css_animation=\u00a0\u00bb\u00a0\u00bb row_type=\u00a0\u00bbrow\u00a0\u00bb use_row_as_full_screen_section=\u00a0\u00bbno\u00a0\u00bb type=\u00a0\u00bbgrid\u00a0\u00bb angled_section=\u00a0\u00bbno\u00a0\u00bb text_align=\u00a0\u00bbleft\u00a0\u00bb background_image_as_pattern=\u00a0\u00bbwithout_pattern\u00a0\u00bb z_index=\u00a0\u00bb\u00a0\u00bb css=\u00a0\u00bb.vc_custom_1736479652101{padding-top: 40px !important;}\u00a0\u00bb][vc_column][vc_column_text css=\u00a0\u00bb\u00a0\u00bb]<\/p>\n<h2>Grains:<\/h2>\n<ul>\n<li>Tourteau de soya<\/li>\n<li>Tourteau de canola<\/li>\n<li>tritureau de soya<\/li>\n<li>\u00c9cales de soya cub\u00e9e et moulue<\/li>\n<li>Dr\u00eache de ma\u00efs<\/li>\n<li>Gru<\/li>\n<li>Orge<\/li>\n<li>Ma\u00efs<\/li>\n<li>Bl\u00e9<\/li>\n<\/ul>\n<p>[\/vc_column_text][\/vc_column][\/vc_row][vc_row css_animation=\u00a0\u00bb\u00a0\u00bb row_type=\u00a0\u00bbrow\u00a0\u00bb use_row_as_full_screen_section=\u00a0\u00bbno\u00a0\u00bb type=\u00a0\u00bbgrid\u00a0\u00bb angled_section=\u00a0\u00bbno\u00a0\u00bb text_align=\u00a0\u00bbleft\u00a0\u00bb background_image_as_pattern=\u00a0\u00bbwithout_pattern\u00a0\u00bb css=\u00a0\u00bb.vc_custom_1736479543205{padding-top: 50px !important;padding-bottom: 50px !important;}\u00a0\u00bb z_index=\u00a0\u00bb\u00a0\u00bb][vc_column][vc_single_image image=\u00a0\u00bb761&Prime; img_size=\u00a0\u00bbfull\u00a0\u00bb qode_css_animation=\u00a0\u00bb\u00a0\u00bb][\/vc_column][\/vc_row][vc_row css_animation=\u00a0\u00bb\u00a0\u00bb row_type=\u00a0\u00bbrow\u00a0\u00bb use_row_as_full_screen_section=\u00a0\u00bbno\u00a0\u00bb type=\u00a0\u00bbgrid\u00a0\u00bb angled_section=\u00a0\u00bbno\u00a0\u00bb text_align=\u00a0\u00bbleft\u00a0\u00bb background_image_as_pattern=\u00a0\u00bbwithout_pattern\u00a0\u00bb z_index=\u00a0\u00bb\u00a0\u00bb][vc_column][vc_single_image image=\u00a0\u00bb238&Prime; img_size=\u00a0\u00bbfull\u00a0\u00bb alignment=\u00a0\u00bbcenter\u00a0\u00bb qode_css_animation=\u00a0\u00bb\u00a0\u00bb][\/vc_column][\/vc_row]<\/p>\n<\/div>","protected":false},"excerpt":{"rendered":"<p>[vc_row css_animation=\u00a0\u00bb\u00a0\u00bb row_type=\u00a0\u00bbrow\u00a0\u00bb use_row_as_full_screen_section=\u00a0\u00bbno\u00a0\u00bb type=\u00a0\u00bbfull_width\u00a0\u00bb angled_section=\u00a0\u00bbno\u00a0\u00bb text_align=\u00a0\u00bbleft\u00a0\u00bb background_image_as_pattern=\u00a0\u00bbwithout_pattern\u00a0\u00bb z_index=\u00a0\u00bb\u00a0\u00bb][vc_column][vc_column_text css=\u00a0\u00bb.vc_custom_1741921796858{padding-bottom: 40px !important;}\u00a0\u00bb]Le volet porcin \u00e0 la Meunerie de Saint-Fr\u00e9d\u00e9ric est effectu\u00e9 sous la supervision de conseillers exp\u00e9riment\u00e9s, tant au point de vue nutritionnel que dans l\u2019appui de vos m\u00e9thodes de travail. Notre \u00e9quipe a \u00e0&#8230;<\/p>\n","protected":false},"author":1,"featured_media":0,"parent":9,"menu_order":2,"comment_status":"closed","ping_status":"closed","template":"","meta":{"footnotes":""},"class_list":["post-13","page","type-page","status-publish","hentry"],"_links":{"self":[{"href":"https:\/\/aw-web.com\/meuneriesf\/wp-json\/wp\/v2\/pages\/13","targetHints":{"allow":["GET"]}}],"collection":[{"href":"https:\/\/aw-web.com\/meuneriesf\/wp-json\/wp\/v2\/pages"}],"about":[{"href":"https:\/\/aw-web.com\/meuneriesf\/wp-json\/wp\/v2\/types\/page"}],"author":[{"embeddable":true,"href":"https:\/\/aw-web.com\/meuneriesf\/wp-json\/wp\/v2\/users\/1"}],"replies":[{"embeddable":true,"href":"https:\/\/aw-web.com\/meuneriesf\/wp-json\/wp\/v2\/comments?post=13"}],"version-history":[{"count":9,"href":"https:\/\/aw-web.com\/meuneriesf\/wp-json\/wp\/v2\/pages\/13\/revisions"}],"predecessor-version":[{"id":834,"href":"https:\/\/aw-web.com\/meuneriesf\/wp-json\/wp\/v2\/pages\/13\/revisions\/834"}],"up":[{"embeddable":true,"href":"https:\/\/aw-web.com\/meuneriesf\/wp-json\/wp\/v2\/pages\/9"}],"wp:attachment":[{"href":"https:\/\/aw-web.com\/meuneriesf\/wp-json\/wp\/v2\/media?parent=13"}],"curies":[{"name":"wp","href":"https:\/\/api.w.org\/{rel}","templated":true}]}}