{"id":17,"date":"2022-03-23T13:22:54","date_gmt":"2022-03-23T13:22:54","guid":{"rendered":"https:\/\/aw-web.com\/meuneriesf\/?page_id=17"},"modified":"2025-03-14T03:22:07","modified_gmt":"2025-03-14T03:22:07","slug":"volaille","status":"publish","type":"page","link":"https:\/\/aw-web.com\/meuneriesf\/produits\/volaille\/","title":{"rendered":"Volaille"},"content":{"rendered":"<div class=\"wpb-content-wrapper\"><p>[vc_row css_animation=\u00a0\u00bb\u00a0\u00bb row_type=\u00a0\u00bbrow\u00a0\u00bb use_row_as_full_screen_section=\u00a0\u00bbno\u00a0\u00bb type=\u00a0\u00bbfull_width\u00a0\u00bb angled_section=\u00a0\u00bbno\u00a0\u00bb text_align=\u00a0\u00bbleft\u00a0\u00bb background_image_as_pattern=\u00a0\u00bbwithout_pattern\u00a0\u00bb][vc_column][vc_column_text css=\u00a0\u00bb\u00a0\u00bb]Ce n\u2019est pas un secret, le secteur avicole commercial doit \u00eatre consid\u00e9r\u00e9 comme un domaine hautement sophistiqu\u00e9 qui n\u00e9cessite un soutien technique ainsi qu\u2019 une alimentation performante. Nos experts \u00e0 la Meunerie de St-Fr\u00e9d\u00e9ric et ADM \u00a0sauront vous conseiller et am\u00e9liorer la profitabilit\u00e9 de votre investissement avec leur exp\u00e9rience et leurs connaissances hors du commun.<\/p>\n<p>&nbsp;<\/p>\n<h2><img loading=\"lazy\" decoding=\"async\" class=\"alignright size-full wp-image-767\" src=\"https:\/\/aw-web.com\/meuneriesf\/wp-content\/uploads\/alimentation-volaille-titre-3.jpg\" alt=\"\" width=\"600\" height=\"641\" srcset=\"https:\/\/aw-web.com\/meuneriesf\/wp-content\/uploads\/alimentation-volaille-titre-3.jpg 600w, https:\/\/aw-web.com\/meuneriesf\/wp-content\/uploads\/alimentation-volaille-titre-3-281x300.jpg 281w\" sizes=\"auto, (max-width: 600px) 100vw, 600px\" \/><\/h2>\n<p>Toutes les moul\u00e9es que nous fabriquons sont toujours strictement pr\u00e9par\u00e9es \u00e0 partir de grains et de produits v\u00e9g\u00e9taux de la plus haute qualit\u00e9 sans aucune hormone de croissance et surtout sans aucun sous-produit animal. La Meunerie de Saint-Fr\u00e9d\u00e9ric vous assure ainsi le go\u00fbt authentique du v\u00e9ritable poulet de grain fermier et des \u0153ufs de la plus haute qualit\u00e9.<\/p>\n<h2>Moul\u00e9e<\/h2>\n<p>Autant dans le secteur des poules pondeuses, des poulets et poulettes \u00e0 chair, des \u00e9levages de poulets, des \u00e9levages de dindes et de dindes de grilles, nos programmes personnalis\u00e9s tireront le maximum de rendement de votre troupeau de volaille.<\/p>\n<p>Des strat\u00e9gies compl\u00e8tes, adapt\u00e9es \u00e0 chaque client, vous aident d\u00e8s le d\u00e9marrage avec des programmes efficaces en trois phases qui ont fait leurs preuves.<\/p>\n<p>En ce qui concerne les poules pondeuses, le suivi est aussi tr\u00e8s rigoureux pour tirer le rendement optimal de vos volailles. Nos experts vous guideront pour atteindre le rendement voulu.<\/p>\n<p>&nbsp;<\/p>\n<h2>Basse-cour<\/h2>\n<p>L\u2019\u00e9levage de volaille est de plus en plus populaire et nous avons tous les produits pour nourrir vos poules pondeuses, vos poulets de chair et vos dindons. Il y a m\u00eame quelques journ\u00e9es d\u00e9di\u00e9es \u00e0 la vente de volaille pour vos \u00e9levages au printemps et en \u00e9t\u00e9.<\/p>\n<p>&nbsp;<\/p>\n<p>SAVIEZ-VOUS QUE \u2026<\/p>\n<p>Tout citoyen du Qu\u00e9bec peut \u00e9lever, sans d\u00e9tenir de quota, jusqu\u2019\u00e0 99 poules pondeuses, 100 poulets de chair et 25 dindons. Ces limites s\u2019appliquent sur une base annuelle pour une m\u00eame exploitation, peu importe le nombre de personnes ou de familles habitant en ces lieux (voir : <a href=\"http:\/\/www.eqcma.ca\/elevage-de-basse-cour\/combien-doiseaux-dans-mon-elevage\">http:\/\/www.eqcma.ca\/elevage-de-basse-cour\/combien-doiseaux-dans-mon-elevage<\/a>\u00a0)<\/p>\n<p>&nbsp;<\/p>\n<h3>Voici les moul\u00e9es que nous avons en stock pour vos volailles.<\/h3>\n<p>-Grains m\u00eal\u00e9s ronds ou cass\u00e9s<\/p>\n<p>-D\u00e9but\/croissance\/finition Poulet<\/p>\n<p>-D\u00e9but\/croissance\/Finition Dinde<\/p>\n<p>-Ponte<\/p>\n<p>&nbsp;<\/p>\n<p>Toutes nos moul\u00e9es sont offertes sous forme moulues, cub\u00e9es ou certifi\u00e9es biologiques.[\/vc_column_text][\/vc_column][\/vc_row][vc_row css_animation=\u00a0\u00bb\u00a0\u00bb row_type=\u00a0\u00bbrow\u00a0\u00bb use_row_as_full_screen_section=\u00a0\u00bbno\u00a0\u00bb type=\u00a0\u00bbgrid\u00a0\u00bb angled_section=\u00a0\u00bbno\u00a0\u00bb text_align=\u00a0\u00bbleft\u00a0\u00bb background_image_as_pattern=\u00a0\u00bbwithout_pattern\u00a0\u00bb z_index=\u00a0\u00bb\u00a0\u00bb][vc_column][vc_single_image image=\u00a0\u00bb768&Prime; img_size=\u00a0\u00bbfull\u00a0\u00bb css=\u00a0\u00bb.vc_custom_1736481368705{padding-top: 50px !important;padding-bottom: 50px !important;}\u00a0\u00bb qode_css_animation=\u00a0\u00bb\u00a0\u00bb][\/vc_column][\/vc_row][vc_row css_animation=\u00a0\u00bb\u00a0\u00bb row_type=\u00a0\u00bbrow\u00a0\u00bb use_row_as_full_screen_section=\u00a0\u00bbno\u00a0\u00bb type=\u00a0\u00bbgrid\u00a0\u00bb angled_section=\u00a0\u00bbno\u00a0\u00bb text_align=\u00a0\u00bbleft\u00a0\u00bb background_image_as_pattern=\u00a0\u00bbwithout_pattern\u00a0\u00bb z_index=\u00a0\u00bb\u00a0\u00bb][vc_column][vc_single_image image=\u00a0\u00bb238&Prime; img_size=\u00a0\u00bbfull\u00a0\u00bb alignment=\u00a0\u00bbcenter\u00a0\u00bb qode_css_animation=\u00a0\u00bb\u00a0\u00bb][\/vc_column][\/vc_row]<\/p>\n<\/div>","protected":false},"excerpt":{"rendered":"<p>[vc_row css_animation=\u00a0\u00bb\u00a0\u00bb row_type=\u00a0\u00bbrow\u00a0\u00bb use_row_as_full_screen_section=\u00a0\u00bbno\u00a0\u00bb type=\u00a0\u00bbfull_width\u00a0\u00bb angled_section=\u00a0\u00bbno\u00a0\u00bb text_align=\u00a0\u00bbleft\u00a0\u00bb background_image_as_pattern=\u00a0\u00bbwithout_pattern\u00a0\u00bb][vc_column][vc_column_text css=\u00a0\u00bb\u00a0\u00bb]Ce n\u2019est pas un secret, le secteur avicole commercial doit \u00eatre consid\u00e9r\u00e9 comme un domaine hautement sophistiqu\u00e9 qui n\u00e9cessite un soutien technique ainsi qu\u2019 une alimentation performante. Nos experts \u00e0 la Meunerie de St-Fr\u00e9d\u00e9ric et ADM \u00a0sauront&#8230;<\/p>\n","protected":false},"author":1,"featured_media":0,"parent":9,"menu_order":4,"comment_status":"closed","ping_status":"closed","template":"","meta":{"footnotes":""},"class_list":["post-17","page","type-page","status-publish","hentry"],"_links":{"self":[{"href":"https:\/\/aw-web.com\/meuneriesf\/wp-json\/wp\/v2\/pages\/17","targetHints":{"allow":["GET"]}}],"collection":[{"href":"https:\/\/aw-web.com\/meuneriesf\/wp-json\/wp\/v2\/pages"}],"about":[{"href":"https:\/\/aw-web.com\/meuneriesf\/wp-json\/wp\/v2\/types\/page"}],"author":[{"embeddable":true,"href":"https:\/\/aw-web.com\/meuneriesf\/wp-json\/wp\/v2\/users\/1"}],"replies":[{"embeddable":true,"href":"https:\/\/aw-web.com\/meuneriesf\/wp-json\/wp\/v2\/comments?post=17"}],"version-history":[{"count":7,"href":"https:\/\/aw-web.com\/meuneriesf\/wp-json\/wp\/v2\/pages\/17\/revisions"}],"predecessor-version":[{"id":836,"href":"https:\/\/aw-web.com\/meuneriesf\/wp-json\/wp\/v2\/pages\/17\/revisions\/836"}],"up":[{"embeddable":true,"href":"https:\/\/aw-web.com\/meuneriesf\/wp-json\/wp\/v2\/pages\/9"}],"wp:attachment":[{"href":"https:\/\/aw-web.com\/meuneriesf\/wp-json\/wp\/v2\/media?parent=17"}],"curies":[{"name":"wp","href":"https:\/\/api.w.org\/{rel}","templated":true}]}}