{"id":19,"date":"2022-03-23T13:23:21","date_gmt":"2022-03-23T13:23:21","guid":{"rendered":"https:\/\/aw-web.com\/meuneriesf\/?page_id=19"},"modified":"2025-03-14T03:24:06","modified_gmt":"2025-03-14T03:24:06","slug":"grains","status":"publish","type":"page","link":"https:\/\/aw-web.com\/meuneriesf\/produits\/grains\/","title":{"rendered":"Grains"},"content":{"rendered":"<div class=\"wpb-content-wrapper\"><p>[vc_row css_animation=\u00a0\u00bb\u00a0\u00bb row_type=\u00a0\u00bbrow\u00a0\u00bb use_row_as_full_screen_section=\u00a0\u00bbno\u00a0\u00bb type=\u00a0\u00bbfull_width\u00a0\u00bb angled_section=\u00a0\u00bbno\u00a0\u00bb text_align=\u00a0\u00bbleft\u00a0\u00bb background_image_as_pattern=\u00a0\u00bbwithout_pattern\u00a0\u00bb][vc_column][vc_column_text css=\u00a0\u00bb\u00a0\u00bb]La Meunerie de St-Fr\u00e9d\u00e9ric transporte du grain pour sa production, mais aussi pour ses clients qui produisent leur propre m\u00e9lange. En commandant votre grain chez nous, vous vous assurez d\u2019avoir toujours un meilleur prix \/ qualit\u00e9 gr\u00e2ce \u00e0 notre \u00e9quipe.<\/p>\n<p>Nous vous offrons aussi la possibilit\u00e9 de fermer une entente sur un prix fixe de vos quantit\u00e9s de grains pour la p\u00e9riode voulue. Nous avons l\u2019expertise pour vous expliquer les mouvements du march\u00e9 et ainsi aider votre prise de d\u00e9cision face \u00e0 vos achats de grains. Notre but est que votre d\u00e9cision soit la plus claire possible et la meilleure option pour votre entreprise agricole.<\/p>\n<p>&nbsp;<\/p>\n<p>Nous fournissons du ma\u00efs en grain, du tourteau de soya, du bl\u00e9, du tourteau de canola, de l\u2019orge, de l\u2019avoine, des f\u00e8ves de soya et d\u2019autres types de grains selon votre demande.<\/p>\n<p>Toujours livr\u00e9s dans les d\u00e9lais entendus, nous ferons en sorte que vous soyez satisfait de votre approvisionnement afin de toujours \u00eatre votre premi\u00e8re r\u00e9f\u00e9rence comme fournisseur de grains.[\/vc_column_text][\/vc_column][\/vc_row][vc_row css_animation=\u00a0\u00bb\u00a0\u00bb row_type=\u00a0\u00bbrow\u00a0\u00bb use_row_as_full_screen_section=\u00a0\u00bbno\u00a0\u00bb type=\u00a0\u00bbgrid\u00a0\u00bb angled_section=\u00a0\u00bbno\u00a0\u00bb text_align=\u00a0\u00bbleft\u00a0\u00bb background_image_as_pattern=\u00a0\u00bbwithout_pattern\u00a0\u00bb z_index=\u00a0\u00bb\u00a0\u00bb][vc_column][vc_single_image image=\u00a0\u00bb711&Prime; img_size=\u00a0\u00bbfull\u00a0\u00bb css=\u00a0\u00bb.vc_custom_1736481483134{padding-top: 50px !important;padding-bottom: 50px !important;}\u00a0\u00bb qode_css_animation=\u00a0\u00bb\u00a0\u00bb][\/vc_column][\/vc_row][vc_row css_animation=\u00a0\u00bb\u00a0\u00bb row_type=\u00a0\u00bbrow\u00a0\u00bb use_row_as_full_screen_section=\u00a0\u00bbno\u00a0\u00bb type=\u00a0\u00bbgrid\u00a0\u00bb angled_section=\u00a0\u00bbno\u00a0\u00bb text_align=\u00a0\u00bbleft\u00a0\u00bb background_image_as_pattern=\u00a0\u00bbwithout_pattern\u00a0\u00bb z_index=\u00a0\u00bb\u00a0\u00bb][vc_column][vc_single_image image=\u00a0\u00bb238&Prime; img_size=\u00a0\u00bbfull\u00a0\u00bb alignment=\u00a0\u00bbcenter\u00a0\u00bb qode_css_animation=\u00a0\u00bb\u00a0\u00bb][\/vc_column][\/vc_row]<\/p>\n<\/div>","protected":false},"excerpt":{"rendered":"<p>[vc_row css_animation=\u00a0\u00bb\u00a0\u00bb row_type=\u00a0\u00bbrow\u00a0\u00bb use_row_as_full_screen_section=\u00a0\u00bbno\u00a0\u00bb type=\u00a0\u00bbfull_width\u00a0\u00bb angled_section=\u00a0\u00bbno\u00a0\u00bb text_align=\u00a0\u00bbleft\u00a0\u00bb background_image_as_pattern=\u00a0\u00bbwithout_pattern\u00a0\u00bb][vc_column][vc_column_text css=\u00a0\u00bb\u00a0\u00bb]La Meunerie de St-Fr\u00e9d\u00e9ric transporte du grain pour sa production, mais aussi pour ses clients qui produisent leur propre m\u00e9lange. En commandant votre grain chez nous, vous vous assurez d\u2019avoir toujours un meilleur prix \/ qualit\u00e9 gr\u00e2ce&#8230;<\/p>\n","protected":false},"author":1,"featured_media":0,"parent":9,"menu_order":5,"comment_status":"closed","ping_status":"closed","template":"","meta":{"footnotes":""},"class_list":["post-19","page","type-page","status-publish","hentry"],"_links":{"self":[{"href":"https:\/\/aw-web.com\/meuneriesf\/wp-json\/wp\/v2\/pages\/19","targetHints":{"allow":["GET"]}}],"collection":[{"href":"https:\/\/aw-web.com\/meuneriesf\/wp-json\/wp\/v2\/pages"}],"about":[{"href":"https:\/\/aw-web.com\/meuneriesf\/wp-json\/wp\/v2\/types\/page"}],"author":[{"embeddable":true,"href":"https:\/\/aw-web.com\/meuneriesf\/wp-json\/wp\/v2\/users\/1"}],"replies":[{"embeddable":true,"href":"https:\/\/aw-web.com\/meuneriesf\/wp-json\/wp\/v2\/comments?post=19"}],"version-history":[{"count":7,"href":"https:\/\/aw-web.com\/meuneriesf\/wp-json\/wp\/v2\/pages\/19\/revisions"}],"predecessor-version":[{"id":837,"href":"https:\/\/aw-web.com\/meuneriesf\/wp-json\/wp\/v2\/pages\/19\/revisions\/837"}],"up":[{"embeddable":true,"href":"https:\/\/aw-web.com\/meuneriesf\/wp-json\/wp\/v2\/pages\/9"}],"wp:attachment":[{"href":"https:\/\/aw-web.com\/meuneriesf\/wp-json\/wp\/v2\/media?parent=19"}],"curies":[{"name":"wp","href":"https:\/\/api.w.org\/{rel}","templated":true}]}}